
What are the prime factors of 10104650?
2, 5, 61, 3313
List the prime factors of 350662.
2, 13, 13487
List the prime factors of 339716.
2, 13, 47, 139
List the prime factors of 1355115.
3, 5, 61, 1481
List the prime factors of 337075.
5, 97, 139
List the prime factors of 729763.
461, 1583
List the prime factors of 126890.
2, 5, 12689
What are the prime factors of 355004?
2, 13, 6827
List the prime factors of 12148967.
12148967
List the prime factors of 5043587.
5043587
What are the prime factors of 114269?
114269
What are the prime factors of 1399383?
3, 51829
What are the prime factors of 1085081?
233, 4657
What are the prime factors of 14080328?
2, 79, 22279
What are the prime factors of 271295?
5, 29, 1871
What are the prime factors of 1499259?
3, 67, 7459
What are the prime factors of 408570?
2, 3, 5, 13619
List the prime factors of 769645.
5, 153929
List the prime factors of 2373473.
199, 11927
List the prime factors of 41555500.
2, 5, 7, 31, 383
List the prime factors of 8038629.
3, 297727
What are the prime factors of 3107661?
3, 67, 15461
What are the prime factors of 28386?
2, 3, 19, 83
List the prime factors of 17304.
2, 3, 7, 103
What are the prime factors of 2564?
2, 641
What are the prime factors of 5956750?
2, 5, 23827
What are the prime factors of 159498?
2, 3, 8861
What are the prime factors of 323365?
5, 7, 9239
What are the prime factors of 11302110?
2, 3, 5, 17, 83, 89
What are the prime factors of 3731293?
1049, 3557
What are the prime factors of 2029914?
2, 3, 37591
What are the prime factors of 1868556?
2, 3, 31, 5023
List the prime factors of 125773.
29, 4337
List the prime factors of 1410353.
7, 113, 1783
What are the prime factors of 219887?
19, 71, 163
What are the prime factors of 794813?
673, 1181
What are the prime factors of 6272442?
2, 3, 11, 79, 401
What are the prime factors of 1465440?
2, 3, 5, 43, 71
What are the prime factors of 44241529?
37, 239, 5003
List the prime factors of 2266362.
2, 3, 7, 17987
List the prime factors of 995311.
283, 3517
What are the prime factors of 920014?
2, 173, 2659
What are the prime factors of 1728405?
3, 5, 7, 31, 59
What are the prime factors of 12623058?
2, 3, 7, 100183
What are the prime factors of 831526?
2, 379, 1097
What are the prime factors of 220507?
7, 17, 109
What are the prime factors of 294741?
3, 32749
What are the prime factors of 117887?
7, 11, 1531
List the prime factors of 76946.
2, 79, 487
List the prime factors of 5745120.
2, 3, 5, 11969
What are the prime factors of 1217555?
5, 101, 2411
List the prime factors of 825502.
2, 191, 2161
List the prime factors of 860393.
860393
List the prime factors of 2664998.
2, 7, 190357
What are the prime factors of 4982088?
2, 3, 17, 12211
What are the prime factors of 618118?
2, 309059
What are the prime factors of 559666?
2, 233, 1201
List the prime factors of 19595507.
19595507
List the prime factors of 10827697.
10827697
What are the prime factors of 342507?
3, 11, 97, 107
List the prime factors of 103297.
53, 1949
List the prime factors of 35428.
2, 17, 521
What are the prime factors of 1044721?
41, 83, 307
List the prime factors of 1148970.
2, 3, 5, 38299
What are the prime factors of 754808?
2, 94351
List the prime factors of 1691078.
2, 71, 11909
What are the prime factors of 6493440?
2, 3, 5, 19, 89
What are the prime factors of 198252?
2, 3, 5507
What are the prime factors of 398287?
398287
What are the prime factors of 1506462?
2, 3, 43, 5839
List the prime factors of 170904.
2, 3, 7121
List the prime factors of 10973333.
7, 383, 4093
List the prime factors of 4035001.
17, 71, 3343
List the prime factors of 694061.
694061
What are the prime factors of 161741?
161741
What are the prime factors of 1611461?
37, 97, 449
What are the prime factors of 950451?
3, 316817
List the prime factors of 20054891.
20054891
List the prime factors of 14124184.
2, 61, 103, 281
What are the prime factors of 1602026?
2, 37, 21649
List the prime factors of 54206.
2, 27103
List the prime factors of 182278.
2, 91139
What are the prime factors of 8505382?
2, 67, 63473
List the prime factors of 248351.
248351
List the prime factors of 236598.
2, 3, 47, 839
List the prime factors of 8196.
2, 3, 683
List the prime factors of 15608.
2, 1951
What are the prime factors of 15338702?
2, 43, 59, 3023
What are the prime factors of 19779704?
2, 7, 17, 79, 263
List the prime factors of 382332.
2, 3, 151, 211
List the prime factors of 158605.
5, 31721
What are the prime factors of 173957?
7, 24851
What are the prime factors of 481951?
29, 16619
What are the prime factors of 221853?
3, 73951
List the prime factors of 88399.
109, 811
List the prime factors of 2926347.
3, 607, 1607
List the prime factors of 1127696.
2, 70481
What are the prime factors of 1587647?
17, 61, 1531
What are the prime factors of 1193247?
3, 11, 17, 709
List the prime factors of 2909728.
2, 79, 1151
List the prime factors of 708050.
2, 5, 7, 17
List the prime factors of 1450449.
3, 7, 11, 13, 23
List the prime factors of 3250649.
53, 61333
List the prime factors of 23523150.
2, 3, 5, 7, 43, 521
List the prime factors of 527590.
2, 5, 7, 7537
What are the prime factors of 1891872?
2, 3, 6569
What are the prime factors of 546669?
3, 17, 397
List the prime factors of 14708739.
3, 4902913
What are the prime factors of 136117?
79, 1723
List the prime factors of 10366906.
2, 11, 17, 53, 523
List the prime factors of 7922047.
7, 1131721
What are the prime factors of 292015?
5, 58403
List the prime factors of 20917946.
2, 7, 677, 2207
List the prime factors of 1315016.
2, 164377
List the prime factors of 1890597.
3, 29, 31, 701
List the prime factors of 390883.
390883
List the prime factors of 473095.
5, 7, 1931
What are the prime factors of 37427?
13, 2879
List the prime factors of 106373.
106373
List the prime factors of 76610.
2, 5, 47, 163
List the prime factors of 6705.
3, 5, 149
List the prime factors of 642483.
3, 71387
What are the prime factors of 5120781?
3, 1706927
List the prime factors of 7784352.
2, 3, 151, 179
List the prime factors of 694371.
3, 59, 3923
List the prime factors of 406397.
406397
List the prime factors of 168484.
2, 73, 577
List the prime factors of 93248.
2, 31, 47
What are the prime factors of 1398622?
2, 419, 1669
List the prime factors of 490972.
2, 122743
List the prime factors of 477473.
47, 10159
What are the prime factors of 105902?
2, 52951
List the prime factors of 156828.
2, 3, 7, 1867
What are the prime factors of 944657?
7, 134951
What are the prime factors of 245769?
3, 17, 61, 79
List the prime factors of 212684.
2, 53171
List the prime factors of 3602843.
61, 59063
What are the prime factors of 35359597?
7, 13, 388567
What are the prime factors of 1786645?
5, 7, 51047
List the prime factors of 199552.
2, 1559
List the prime factors of 2595830.
2, 5, 259583
What are the prime factors of 3268534?
2, 1634267
List the prime factors of 35816040.
2, 3, 5, 13, 2551
List the prime factors of 160443.
3, 17827
What are the prime factors of 509373?
3, 56597
List the prime factors of 112540.
2, 5, 17, 331
What are the prime factors of 6876041?
17, 601, 673
List the prime factors of 880483.
880483
What are the prime factors of 2731464?
2, 3, 59, 643
What are the prime factors of 29066048?
2, 11, 19, 41, 53
List the prime factors of 18378467.
179, 102673
What are the prime factors of 4481800?
2, 5, 22409
What are the prime factors of 821712?
2, 3, 17, 19, 53
What are the prime factors of 2678074?
2, 7, 23, 8317
What are the prime factors of 130311?
3, 14479
What are the prime factors of 5236609?
7, 19, 39373
List the prime factors of 16094571.
3, 997, 5381
List the prime factors of 6222.
2, 3, 17, 61
List the prime factors of 591100.
2, 5, 23, 257
List the prime factors of 249188.
2, 62297
What are the prime factors of 11812482?
2, 3, 11, 59659
What are the prime factors of 299806?
2, 13, 887
List the prime factors of 1357635.
3, 5, 29, 3121
List the prime factors of 545558.
2, 13, 20983
What are the prime factors of 71257?
71257
List the prime factors of 13243854.
2, 3, 13, 37, 353
What are the prime factors of 207980?
2, 5, 10399
What are the prime factors of 1969072?
2, 7, 17581
What are the prime factors of 4815568?
2, 300973
List the prime